se -65*o + 70*o + 500 = 0. List the prime factors of (-10)/o*10 - (1 + -1048).
2, 131
Let r(s) = 9594*s - 5637. What are the prime factors of r(7)?
3, 20507
Let j(s) = s**3 + 6*s**2 - 3*s + 15. Let w be j(-7). Let h = w - -9. List the prime factors of 104 + (-1 - 0 - (1 + h)).
2, 53
Suppose 314706 - 1410651 = -15*w. What are the prime factors of w?
73063
Suppose 0 = -14*w + 21817 + 55729. List the prime factors of w.
29, 191
What are the prime factors of (-10494858)/(-297) - (4 - (-136)/(-36))?
2, 7, 631
Suppose 72521 = -17*w + 64*w. Suppose -4*n + w = -o - 4*o, -809 = -2*n - 5*o. List the prime factors of n.
2, 7
What are the prime factors of ((-11505)/(-10) + (-12)/3*2)*20?
2, 5, 457
Let z(y) = 4*y - 7. Let l(m) = -m - 1. Let w(b) = -6*l(b) - z(b). Let q be w(17). Suppose t - 48 = -3*i - 2*t, -2*i + q = -3*t. What are the prime factors of i?
19
Let m = 10856 - 10200. What are the prime factors of m?
2, 41
Suppose -g = 5*b + 15, 3*g - 2*g - b = 9. Suppose g*q = -5*f + 36 - 1, 3*q - 13 = -f. List the prime factors of -3 - ((44*-15)/f + 3).
3, 53
Let u be (-3 + -1)*(-4)/((-96)/138). Let q = 27 + u. Suppose q*p = 5*j - 1337, 3*p - 2 - 4 = 0. What are the prime factors of j?
269
Let f(n) = n**2 + 20*n + 81. Let c be f(-15). List the prime factors of -3 + 21/9 + 160/c.
2, 13
Let d be 339/15 - 27/45. Suppose -4 = -4*k + 2*g + d, 0 = 3*k - 3*g - 24. Suppose -k*h - 23 = -323. What are the prime factors of h?
2, 3, 5
Suppose 0 = -3*b + 9, -3*l + 7*b = 10*b - 21. What are the prime factors of -13*(-39 + (l - -4))?
13, 31
Let t(y) = 581*y**2 + 15*y - 46. Let m be t(4). Suppose -7146 - m = -22*w. List the prime factors of w.
2, 11, 17
Let k be -21*(6/(-15))/(9/435). Let q = -161 + k. What are the prime factors of q?
5, 7
Suppose -2*s - 3*z = -27, s - 3*z + 7 = -2. Let r be (-4)/6 - (-4)/s. Suppose -l + 2*l = -4*j + 161, r = 5*j - 3*l - 180. What are the prime factors of j?
3, 13
Let h = 4344 - 2857. Let r = -671 + h. Suppose r = 10*z + 86. List the prime factors of z.
73
Suppose -4*j + c + 853 + 177 = 0, 4*j = -2*c + 1024. Suppose u - 3*k = 123 + 130, 0 = -u + k + j. List the prime factors of u.
7, 37
Let y(d) = -3*d + 5. Let o = -75 + 75. Let u be y(o). Suppose 7*p - h - 773 = 2*p, -u*h + 293 = 2*p. What are the prime factors of p?
2, 7, 11
Let z(o) = 5*o - 8. Let f be z(2). Suppose -84 = f*w - 6*w. Suppose 0 = -2*x + w + 27. List the prime factors of x.
2, 3
Suppose 129*d - 5490684 = -2214656 + 2061605. List the prime factors of d.
7, 23, 257
Suppose 4*w = -w - 2*t + 8176, -4912 = -3*w + 2*t. Let z = w - 956. List the prime factors of z.
2, 5, 17
Let d(x) = 6*x**2 - 116*x - 103. List the prime factors of d(54).
31, 359
Suppose -4*t = n - 857, -t + 5*n + 297 - 88 = 0. List the prime factors of -3 + t/1*2/4.
2, 13
Suppose 3*o = -2*d + d + 17976, -d = 0. What are the prime factors of o?
2, 7, 107
Let h = 4510 - -51. List the prime factors of h.
4561
Suppose 57*z - 120929 - 180783 = 41*z. List the prime factors of z.
109, 173
Suppose 2*c - c = -4*r + 115, 2*c - 4*r - 266 = 0. Let z be 0*3/((-3)/(-1)). Suppose y + 48 - c = z. What are the prime factors of y?
79
Let d(g) = -330*g + 170*g - 72 + 173*g. Let m be (-272)/8*2/(-4). List the prime factors of d(m).
149
Let f = -7045 + 21216. What are the prime factors of f?
37, 383
List the prime factors of 56360 - ((-1755)/(-5))/(-27).
3, 19, 23, 43
Let u(m) = 2*m**2 - 67*m + 690. List the prime factors of u(-50).
2, 5, 113
What are the prime factors of (2691/92 - 30)/(2/(-131816))?
3, 16477
Suppose 14*c = 10*c + 22864. List the prime factors of c.
2, 1429
Let b = 7 - 3. Suppose b*s - 25 = 43. Suppose 13*z - s*z = -136. List the prime factors of z.
2, 17
Let c(l) = 2*l**3 + 5*l**2 + 22*l - 15. Let g = 80 + -91. Let q be c(g). What are the prime factors of 4/7 + q/(-91)?
2, 13
Let t be 471 + (-4)/(7 - 3). Let o = t - 246. What are the prime factors of o?
2, 7
Let n(c) = 31*c**2 - 4*c + 2. Let k be n(1). Let i(f) = -f**3 + 28*f**2 + 39*f - 63. List the prime factors of i(k).
227
Let g(m) = m**3 - 7*m**2 - 45*m - 36. Let l be g(24). List the prime factors of 2/(-1)*-2 - l/(-18).
2, 3
Suppose -25*u = -19*u - 18. Suppose 0 = -2*d - 3*v - 2*v + 2236, u*v - 4500 = -4*d. What are the prime factors of d?
2, 3, 47
Let h(u) be the first derivative of 6*u**2 - 58*u - 37. List the prime factors of h(9).
2, 5
Let b = 14 - -16. Let c be 299/39 + (-4)/6. Let k = c + b. List the prime factors of k.
37
Let b = 68 - -29. Suppose 2*z - 7*z = -295. Let h = b - z. List the prime factors of h.
2, 19
Let d = 94327 - 64459. What are the prime factors of d?
2, 3, 19, 131
Suppose -7*b = -4*b - 9. List the prime factors of (b - (5 + 1)) + 505.
2, 251
Suppose 0 = -3*c - 439 - 224. Let v = c - -299. List the prime factors of v.
2, 3, 13
Let z(t) = 2*t**2 - t + 6. Let v(q) = q**3 - 5*q**2 - 36*q + 3. Let p be v(9). What are the prime factors of z(p)?
3, 7
Suppose -2*k + 1980 = k. Let h = k - 438. Suppose 3*d - 2*t = -1 + 333, -t - h = -2*d. List the prime factors of d.
2, 7
Let b(i) = -i**3 + 19*i + 38. Let d be b(-7). Let m = 313 - d. List the prime factors of m.
5, 13
Let h = -2153 - -1173. Let k = -523 - h. What are the prime factors of k?
457
Let t(k) be the third derivative of 1/60*k**5 + 19*k**2 + 0*k + 0 - 11/24*k**4 + k**3. List the prime factors of t(15).
2, 3, 11
Suppose l = 2*d + 4071, 20380 = 5*l + 22*d - 27*d. What are the prime factors of l?
7, 11, 53
Suppose -5355*c - 10736 = -5371*c. List the prime factors of c.
11, 61
Let k be 120/25*10/3. Let g be (-1)/(-2)*k/(1 + 3). Suppose -g*z - 778 = -2*c - 2*c, 2*c + 4*z - 384 = 0. List the prime factors of c.
2, 97
Let s = 5595 - -9408. What are the prime factors of s?
3, 1667
Let n = 7492 - -11287. List the prime factors of n.
89, 211
Suppose 2*b + 9*b = 33. Let x = 1 - b. What are the prime factors of (4 - x)*(-25)/(-15)?
2, 5
Let s(w) = -w**2 - 5*w. Let k be s(-5). Let r(d) = 6*d + 2*d - 8*d + 57 + 5*d. List the prime factors of r(k).
3, 19
Let c = -16 - -81. Suppose v - 53 = -c. Let s = 84 - v. What are the prime factors of s?
2, 3
Let h be (-3*(-4)/(-4))/(27/(-1854)). Let u = h + -182. What are the prime factors of u?
2, 3
Let g(n) = n**3 + n**2 - 9*n. Let q be g(4). Suppose -5*p - q = 371. What are the prime factors of (2 + p/(-2))/(4/16)?
2, 3, 29
Suppose -4*s + 15 = -1, -3*m = 2*s - 116. Suppose 25*b = m*b - 5170. What are the prime factors of b?
2, 5, 47
Let t = 16 + 5. Let p be 7/t - (-14)/(-6). Let j = 24 - p. List the prime factors of j.
2, 13
Let x = -122 - -116. List the prime factors of (190/35 - 6)*2121/x.
2, 101
Let s = 4239 + 6578. List the prime factors of s.
29, 373
Let l be (4/(-3))/((-16)/(-600)). Let o be 8/(-2 + (-15)/(-9)). Let c = o - l. What are the prime factors of c?
2, 13
Let s = 131839 - 93684. List the prime factors of s.
5, 13, 587
Suppose -88*t + 93*t - 206513 = -p, 0 = -4*t - 4*p + 165204. List the prime factors of t.
103, 401
What are the prime factors of ((-629720)/(-39))/20*(-1548)/(-42)?
2, 43, 173
Let h(b) = -359*b - 1451. List the prime factors of h(-15).
2, 7, 281
Let y(d) = d**3 + 7*d**2 + 2*d - 16. Let o be y(-6). Let k be 2574/24 - 2/o. Suppose -4*z - 83 = -3*f - 6, -k = -4*f + z. What are the prime factors of f?
3
Let r = 4301 + 1219. List the prime factors of r.
2, 3, 5, 23
Let x(g) = -2*g**2 - 43*g - 19. Let c be x(-21). Let b(a) = 45*a**3 - 3*a**2 + 9*a - 2. List the prime factors of b(c).
2, 7, 13
Suppose -49*q + 67*q = 40608. What are the prime factors of q?
2, 3, 47
Suppose 2*s = 5*h - 79834, 3487 + 12491 = h - 2*s. List the prime factors of h.
2, 13, 307
Let q(u) = 326*u**2 + u + 435. List the prime factors of q(-8).
3, 47, 151
Let n = 22579 + 336. List the prime factors of n.
5, 4583
Suppose b + 40483 = 5*x + 5*b, -5*x + 5*b = -40555. What are the prime factors of x?
3, 37, 73
Let h(x) = 20*x**2 + 370*x - 66. List the prime factors of h(-19).
2, 31
Let h(j) = 97*j + 7. Let i be h(-16). Let k = i + 750. What are the prime factors of ((-2)/(-1))/(3/k*-5)?
2, 53
What are the prime factors of (-1002960)/(-270) - ((-16)/(-6) - (6 - 4))?
2, 3, 619
Let v(w) = -7*w - 20. Let t be v(-22). Suppose 0 = 4*o + 4*a - 904, 2*o - 318 = 5*a + t. What are the prime factors of o?
2, 113
Suppose -9*i + 1153 = -6326. Let l = i + -269. What are the p